40091. Calculate j(-54).
23
Let x(l) = -l**2 - 856*l + 51125. Determine x(56).
53
Let z(l) = -12*l**3 - 78*l**2 + 218*l - 5. What is z(0)?
-5
Let p(w) = -w**2 - 8317*w - 41586. What is p(-5)?
-26
Let b(s) = -789*s - 14454. Give b(-18).
-252
Let a(h) = 3280*h**2 + 42634*h - 84. What is a(-13)?
-6
Let z(y) = -y**3 - 88*y**2 - 1013*y + 262. What is z(-14)?
-60
Let i(j) = -6*j**3 + 798*j**2 - j - 85. Determine i(133).
-218
Let s(p) = 24*p**2 + 103*p - 238. Calculate s(-7).
217
Let s(y) = -1383*y + 105109. Determine s(76).
1
Let a(v) = -2564*v**2 - 133328*v + 107. Give a(-52).
107
Let r(j) = j**3 + 18*j**2 + 38*j - 10. Determine r(-3).
11
Let j(m) = -m**2 + 183*m + 25313. Calculate j(-92).
13
Let z(v) = v**3 + 65*v**2 + 73*v + 648. Determine z(-64).
72
Let x(d) = 99*d - 4893. Give x(44).
-537
Let x(j) = -3*j**3 + 81*j**2 + 701*j + 4862. Calculate x(35).
-3
Let g(k) = 417*k**2 + 2911*k - 62. Determine g(-7).
-6
Let c(f) = -f**2 - 65*f - 288. Give c(-47).
558
Let h(i) = -11*i**2 + 26097*i + 183210. Give h(-7).
-8
Let d(h) = -47*h**2 - 448*h - 959. Give d(-6).
37
Let n(j) = -3*j**2 - 174*j - 3614. Determine n(-25).
-1139
Let g(d) = 69*d + 5665. What is g(-83)?
-62
Let p(g) = 6*g**2 + 36395*g - 400458. Give p(11).
613
Let x(t) = 977*t + 50823. Calculate x(-52).
19
Let w(o) = -2*o**3 + 15*o**2 + 310*o - 2396. Give w(8).
20
Let u(c) = -4*c**2 + 1868*c - 126285. Determine u(82).
-5
Let d(g) = -78*g**2 + 14164*g + 14164. Determine d(-1).
-78
Let v(z) = -2*z**3 - 60114*z**2 + 541189*z - 10. What is v(9)?
-1
Let j(c) = 44*c**2 - 1638*c + 11984. What is j(10)?
4
Let k(m) = 87*m - 14524. Give k(166).
-82
Let i(z) = -z**2 + 193*z - 4062. What is i(157)?
1590
Let z(y) = 2*y**3 - 2085*y**2 - 16826*y - 137. Determine z(-8).
7
Let c(q) = -q**2 - 146464*q - 2928895. Calculate c(-20).
-15
Let w(y) = 4*y**2 - 842*y - 9773. What is w(222)?
439
Let g(d) = 3*d**2 + 669*d - 5482. Determine g(8).
62
Let d(f) = f**3 - 23*f**2 + 122*f - 199. Give d(6).
-79
Let k(a) = 304*a + 5214. What is k(-17)?
46
Let d(j) = j**2 + 1375163*j - 5. Determine d(0).
-5
Let t(l) = l**2 + 8310*l + 165801. Calculate t(-20).
1
Let m(s) = 4752*s + 14268. Calculate m(-3).
12
Let f(m) = -63871*m - 63869. What is f(-1)?
2
Let f(y) = -6*y**3 - 3*y**2 - 130*y - 706. Give f(-4).
150
Let b(c) = -1175*c**2 + 48178*c - 169. Give b(41).
-46
Let x(m) = -m**3 - 858*m**2 - 115930*m - 1685. What is x(-168)?
-5
Let k(w) = 22929*w - 68898. Determine k(3).
-111
Let k(p) = -16378*p - 3832455. Determine k(-234).
-3
Let f(j) = -14235*j + 99866. What is f(7)?
221
Let p(r) = -r**3 + 70*r**2 + 203*r + 581. What is p(73)?
-587
Let k(g) = 3560*g + 28479. What is k(-8)?
-1
Let i(n) = -2*n**3 - 23*n**2 - 9*n - 72. What is i(-12)?
180
Let k(w) = 108*w - 25307. What is k(240)?
613
Let q(b) = -6*b**3 - 46*b**2 + 717*b - 1349. Give q(6).
1
Let v(t) = t**3 + 54*t**2 + 440*t + 300. Calculate v(-9).
-15
Let s(i) = -122*i + 1028. Calculate s(10).
-192
Let m(u) = 55*u + 495. Give m(-3).
330
Let y(m) = -1381*m**2 - 139476*m + 503. Give y(-101).
-2
Let f(k) = 6*k**3 - 29*k**2 + 48*k + 212. Calculate f(7).
1185
Let l(g) = -341*g**3 - 12*g**2 - 98*g - 146. Calculate l(-2).
2730
Let r(c) = -c**2 + 24*c + 1752. Determine r(-31).
47
Let l(x) = 5*x**2 + 174*x + 1535. What is l(-17)?
22
Let o(j) = j**3 + 23*j**2 - 145*j - 3456. Give o(-23).
-121
Let f(m) = m**3 + 101*m**2 - 826*m + 1116. Determine f(6).
12
Let x(y) = -180*y + 3270. Give x(19).
-150
Let z(f) = f**3 - 8*f**2 + 8821*f - 44081. Calculate z(5).
-51
Let l(p) = 63535*p + 762543. Determine l(-12).
123
Let j(z) = -20*z**2 + 892*z + 231. What is j(47)?
-2025
Let a(q) = -236*q**2 - 1575*q - 1975. What is a(-5)?
0
Let c(x) = -132*x**2 + 7529*x - 298. Give c(57).
-13
Let o(h) = -38*h**2 + 6278*h - 1295. Determine o(165).
25
Let c(u) = -3*u**2 - 729*u - 4956. Give c(-7).
0
Let s(i) = -38*i**2 + 63*i + 217. Calculate s(3).
64
Let s(m) = 4*m**3 + 313*m**2 + 73*m - 161. Determine s(-78).
229
Let x(k) = -55*k**3 + 271*k**2 + 9*k - 4. What is x(5)?
-59
Let j(y) = -36342*y + 690708. Calculate j(19).
210
Let x(p) = 98*p - 2665. What is x(-20)?
-4625
Let h(y) = -8*y**2 - 1422*y + 1431. What is h(1)?
1
Let i(j) = 42*j**2 - 1335*j - 37. Determine i(32).
251
Let p(w) = -24557*w - 515836. Give p(-21).
-139
Let d(k) = 2385*k**3 + 6*k**2 - 5*k - 4. Give d(-1).
-2378
Let a(v) = -234*v - 14814. Determine a(-49).
-3348
Let d(c) = -3*c**3 + 1061*c**2 - 8971*c + 361. Give d(345).
16
Let x(k) = -11744*k - 1350563. What is x(-115)?
-3
Let z(l) = -2*l**3 - 4158*l**2 + 92471*l + 56721. What is z(-2101)?
-6
Let q(b) = -14013*b - 111717. Give q(-8).
387
Let n(t) = t**2 + 727*t + 44173. What is n(-67)?
-47
Let p(w) = -32572*w - 1791481. Determine p(-55).
-21
Let x(v) = -6*v**2 - 2425*v - 19393. Calculate x(-396).
11
Let s(b) = -115*b + 16760. Determine s(144).
200
Let m(s) = -3*s**2 - 235*s - 3452. Determine m(-23).
366
Let n(t) = -2*t**3 - 507*t**2 - 747*t + 2362. What is n(-252)?
94
Let r(m) = 8*m**2 - 500*m - 3021. Calculate r(-6).
267
Let o(p) = p**2 + 4023*p - 40352. What is o(10)?
-22
Let u(p) = -822*p + 4918. Determine u(6).
-14
Let w(h) = -19*h - 88. Determine w(-2).
-50
Let p(i) = 51559*i - 51634. What is p(1)?
-75
Let a(u) = 98*u**2 + 2500*u + 7481. Give a(-3).
863
Let x(b) = 2*b**2 + 130*b - 3157. Calculate x(19).
35
Let v(c) = 4783*c - 18627. Calculate v(4).
505
Let m(o) = 9*o**3 - 71*o**2 + 23*o + 157. Calculate m(7).
-74
Let j(h) = -h**3 + 33*h**2 + 98*h + 333. Calculate j(36).
-27
Let h(c) = -1826*c - 36500. Give h(-20).
20
Let k(y) = 60*y**2 + 810*y - 189. What is k(-3)?
-2079
Let g(h) = -124*h**2 - 22171*h - 44329. What is g(-2)?
-483
Let c(d) = 322*d + 16662. Determine c(-48).
1206
Let z(i) = -15*i**3 + 1009*i**2 - 272*i - 121. What is z(67)?
-389
Let q(r) = 23*r**2 - 361*r + 143. Determine q(23).
4007
Let s(l) = -13*l**2 - 1806*l + 132247. What is s(53)?
12
Let n(b) = -b**3 - 12*b**2 + 280*b - 266. What is n(11)?
31
Let d(f) = f**3 + 88*f**2 - 606*f - 21834. Calculate d(-92).
62
Let i(x) = -2*x**3 - 318*x**2 + 11786*x - 145. Calculate i(31).
41
Let v(y) = y**2 + 13516*y - 419. Calculate v(0).
-419
Let l(d) = 2001*d + 30682. What is l(-15)?
667
Let g(a) = -4*a**2 + 2022*a - 153452. Calculate g(93).
-2
Let z(w) = -2*w**3 - 825*w**2 - 8841*w - 108. Determine z(-11).
-20
Let i(p) = -3*p**3 + 795*p**2 + 846*p - 12718. Give i(266).
50
Let p(m) = -16*m**3 - 1268*m**2 - 316*m - 14. What is p(-79)?
-14
Let c(q) = -518*q - 39750. Give c(-77).
136
Let o(n) = n**2 + 162192*n - 1297602. Calculate o(8).
-2
Let r(m) = 516*m + 7891. Give r(-11).
2215
Let t(l) = 4*l**2 - 111*l + 428. Determine t(37).
1797
Let l(v) = 193*v**2 - 2315*v + 9257. Calculate l(4).
3085
Let d(q) = -2544*q + 38154. Give d(15).
-6
Let c(m) = -811*m - 12822. Give c(-11).
-3901
Let v(o) = -o**2 - 17542*o - 822272. Calculate v(-47).
-7
Let o(g) = -g**2 - 211*g - 45. Give o(-212).
-257
Let s(j) = -16108*j + 290274. What is s(18)?
330
Let g(x) = -x**3 + 63*x**2 - 86*x + 1293. Calculate g(62).
-195
Let m(w) = -65283*w - 8943766. Determine m(-137).
5
Let g(x) = x**2 - 226*x + 12499. Determine g(128).
-45
Let f(z) = -z**3 + 108*z**2 - 244*z + 3355. Give f(106).
-37
Let q(t) = 57*t**2 + 4203*t - 106875. Give q(20).
-15
Let t(k) = 22*k + 1352. Give t(8).
1528
Let c(y) = -y**2 - 518*y + 4771. Calculate c(9).
28
Let r(u) = 3*u**3 - 52*u**2 + 130*u - 1001. Calculate r(16).
55
Let l(x) = 11*x**2 + 103*x - 1818. Give l(13).
1380
Let d(x) = 4*x**2 + 245*x + 2428. Determine d(-49).
27
Let b(l) = -2*l**3 - 20*l**2 - 425*l - 4256. Determine b(-10).
-6
Let n(r) = r**3 + 53*r**2 - 404*r - 2938. Determine n(-59).
12
Let s(x) = -385*x - 5385. Determine s(-20).
2315
Let a(j) = -j**3 + 36*j**2 - 161*j + 394. What is a(31)?
208
Let f(j) = 2*j**3 + 16*j**2 - 924*j - 3839. Give f(-4).
-15
Let p(m) = -2*m**3 - 2*m**2 + 5087*m - 665. What is p(-51)?
-2
Let t(w) = -1139*w**3 - 279050*w**2 + 1223*w - 487. What is t(-245)?
3
Let t(r) = -17431*r - 226727. What is t(-13)?
-124
Let x(c) = -2372*c - 1197857. Give x(-505).
3
Let d(g) = -15607*g - 874004. Calculate d(-56).
-12
Let v(y) = 134*y**2 + 5116*y + 550. Determine v(-38).
-362
Let b(f) = -1534*f - 235793. Calculate b(-154).
443
Let v(k) = -k**3 - 808*k**2 + 15680*k - 27282. Give v(-827).
9
Let a(u) = 3*u**2 + 919*u